{"id":2475,"date":"2024-03-24T07:52:51","date_gmt":"2024-03-24T07:52:51","guid":{"rendered":"https:\/\/test.meriseuraturku.fi\/?page_id=2475"},"modified":"2025-02-15T22:07:22","modified_gmt":"2025-02-15T20:07:22","slug":"saarikohteet","status":"publish","type":"page","link":"https:\/\/meriseuraturku.fi\/?page_id=2475","title":{"rendered":"Saarikohteet"},"content":{"rendered":"\n<p>Saarikohteet sijaitsevat eri puolilla Turun saaristoa ja ovat tavoitettavissa kohtuullisen hyvin l\u00e4hes kaikista Turun alueen kotisatamista, jopa perjantaisin ty\u00f6p\u00e4iv\u00e4n p\u00e4\u00e4ttyess\u00e4.<\/p>\n\n\n\n<p>TUL:n alaisen veneseuran j\u00e4sen voi vierailla <strong>omalla veneell\u00e4<\/strong> saaritukikohdissamme maksamalla 18\u20ac:n vierailijamaksun\/venekunta\/vrk. Huomioithan, ett\u00e4 saarikohteen tilat ovat lukittuna, jos paikalla ei ole j\u00e4seni\u00e4.<\/p>\n\n\n\n<p>Ulkopuoliset (ei koske TUL:n alaisen veneseuran j\u00e4sent\u00e4) voivat vierailla tukikohdissa vain is\u00e4nt\u00e4n\u00e4\/em\u00e4nt\u00e4n\u00e4 toimivan <strong>meriseuran j\u00e4senen ollessa saaressa samanaikaisesti<\/strong>. My\u00f6s n\u00e4iden vieraiden tulee maksaa yll\u00e4 mainittu vierailijamaksu.<\/p>\n\n\n\n<div class=\"wp-block-media-text is-stacked-on-mobile\" style=\"grid-template-columns:48% auto\"><figure class=\"wp-block-media-text__media\"><a href=\"https:\/\/meriseuraturku.fi\/?page_id=2496\"><img loading=\"lazy\" decoding=\"async\" width=\"1024\" height=\"768\" src=\"https:\/\/test.meriseuraturku.fi\/wp-content\/uploads\/DJI_0173-1024x768.jpg\" alt=\"\" class=\"wp-image-2954 size-medium\" srcset=\"https:\/\/meriseuraturku.fi\/wp-content\/uploads\/DJI_0173-1024x768.jpg 1024w, https:\/\/meriseuraturku.fi\/wp-content\/uploads\/DJI_0173-300x225.jpg 300w, https:\/\/meriseuraturku.fi\/wp-content\/uploads\/DJI_0173-150x113.jpg 150w, https:\/\/meriseuraturku.fi\/wp-content\/uploads\/DJI_0173-768x576.jpg 768w, https:\/\/meriseuraturku.fi\/wp-content\/uploads\/DJI_0173-1536x1152.jpg 1536w, https:\/\/meriseuraturku.fi\/wp-content\/uploads\/DJI_0173-2048x1536.jpg 2048w\" sizes=\"auto, (max-width: 1024px) 100vw, 1024px\" \/><\/a><\/figure><div class=\"wp-block-media-text__content\">\n<p><a href=\"https:\/\/meriseuraturku.fi\/?page_id=2496\" data-type=\"page\" data-id=\"2496\"><strong>Gran\u00f6<\/strong><\/a><\/p>\n\n\n\n<p>Suuri laituri, paljon tilaa, kaksi saunaa ja useita grillauspaikkoja. Suojassa erityisesti l\u00e4nsituulella.<\/p>\n<\/div><\/div>\n\n\n\n<div class=\"wp-block-media-text is-stacked-on-mobile\" style=\"grid-template-columns:48% auto\"><figure class=\"wp-block-media-text__media\"><a href=\"https:\/\/meriseuraturku.fi\/?page_id=2478\"><img loading=\"lazy\" decoding=\"async\" width=\"1024\" height=\"576\" src=\"https:\/\/test.meriseuraturku.fi\/wp-content\/uploads\/korkiakari_ilmakuva_600-1024x576.jpg\" alt=\"\" class=\"wp-image-2923 size-full\" srcset=\"https:\/\/meriseuraturku.fi\/wp-content\/uploads\/korkiakari_ilmakuva_600-1024x576.jpg 1024w, https:\/\/meriseuraturku.fi\/wp-content\/uploads\/korkiakari_ilmakuva_600-300x169.jpg 300w, https:\/\/meriseuraturku.fi\/wp-content\/uploads\/korkiakari_ilmakuva_600-150x84.jpg 150w, https:\/\/meriseuraturku.fi\/wp-content\/uploads\/korkiakari_ilmakuva_600-768x432.jpg 768w, https:\/\/meriseuraturku.fi\/wp-content\/uploads\/korkiakari_ilmakuva_600.jpg 1066w\" sizes=\"auto, (max-width: 1024px) 100vw, 1024px\" \/><\/a><\/figure><div class=\"wp-block-media-text__content\">\n<p><strong><a href=\"https:\/\/meriseuraturku.fi\/?page_id=2478\" data-type=\"page\" data-id=\"2478\">Merikari<\/a><\/strong><\/p>\n\n\n\n<p>Airistolta vain muutama maili. Veneit\u00e4 mahtuu noin 15, tarpeen mukaan ja sopivalla kelill\u00e4 mahtuu enemm\u00e4nkin.<\/p>\n<\/div><\/div>\n\n\n\n<div class=\"wp-block-media-text is-stacked-on-mobile\" style=\"grid-template-columns:48% auto\"><figure class=\"wp-block-media-text__media\"><a href=\"https:\/\/meriseuraturku.fi\/?page_id=2511\"><img loading=\"lazy\" decoding=\"async\" width=\"1024\" height=\"576\" src=\"https:\/\/test.meriseuraturku.fi\/wp-content\/uploads\/aspi_laituri_birdview-1024x576.jpeg\" alt=\"\" class=\"wp-image-2936 size-full\" srcset=\"https:\/\/meriseuraturku.fi\/wp-content\/uploads\/aspi_laituri_birdview-1024x576.jpeg 1024w, https:\/\/meriseuraturku.fi\/wp-content\/uploads\/aspi_laituri_birdview-300x169.jpeg 300w, https:\/\/meriseuraturku.fi\/wp-content\/uploads\/aspi_laituri_birdview-150x84.jpeg 150w, https:\/\/meriseuraturku.fi\/wp-content\/uploads\/aspi_laituri_birdview-768x432.jpeg 768w, https:\/\/meriseuraturku.fi\/wp-content\/uploads\/aspi_laituri_birdview.jpeg 1067w\" sizes=\"auto, (max-width: 1024px) 100vw, 1024px\" \/><\/a><\/figure><div class=\"wp-block-media-text__content\">\n<p><strong><a href=\"https:\/\/meriseuraturku.fi\/?page_id=2511\" data-type=\"page\" data-id=\"2511\">Merivalkama<\/a><\/strong><\/p>\n\n\n\n<p>Aspholmin saaressa, Pensarin kohdilla. Laiturin p\u00e4\u00e4ss\u00e4 syv\u00e4ys 2m, kun veden pinta on normaalikorkeudella. Suojaisa laituri eritoten pohjoisen puolisilla tuulilla.<\/p>\n<\/div><\/div>\n\n\n\n<div class=\"wp-block-media-text is-stacked-on-mobile\" style=\"grid-template-columns:48% auto\"><figure class=\"wp-block-media-text__media\"><a href=\"https:\/\/test.meriseuraturku.fi\/?page_id=2517\"><img loading=\"lazy\" decoding=\"async\" width=\"1024\" height=\"575\" src=\"https:\/\/test.meriseuraturku.fi\/wp-content\/uploads\/pennas_laituri-1024x575.png\" alt=\"\" class=\"wp-image-2515 size-full\" srcset=\"https:\/\/meriseuraturku.fi\/wp-content\/uploads\/pennas_laituri-1024x575.png 1024w, https:\/\/meriseuraturku.fi\/wp-content\/uploads\/pennas_laituri-300x168.png 300w, https:\/\/meriseuraturku.fi\/wp-content\/uploads\/pennas_laituri-150x84.png 150w, https:\/\/meriseuraturku.fi\/wp-content\/uploads\/pennas_laituri-768x431.png 768w, https:\/\/meriseuraturku.fi\/wp-content\/uploads\/pennas_laituri.png 1479w\" sizes=\"auto, (max-width: 1024px) 100vw, 1024px\" \/><\/a><\/figure><div class=\"wp-block-media-text__content\">\n<p><strong><a href=\"https:\/\/meriseuraturku.fi\/?page_id=2517\" data-type=\"page\" data-id=\"2517\">Penn\u00e4s<\/a><\/strong><\/p>\n\n\n\n<p>Mukava luonnonmukainen kerhosaari. Ulommaisessa laiturissa syv\u00e4\u00e4 riitt\u00e4\u00e4 ainakin 2m. Laituri suojaisin id\u00e4n puolisilla tuulilla.<\/p>\n<\/div><\/div>\n\n\n\n<div style=\"height:50px\" aria-hidden=\"true\" class=\"wp-block-spacer\"><\/div>\n","protected":false},"excerpt":{"rendered":"<p>Saarikohteet sijaitsevat eri puolilla Turun saaristoa ja ovat tavoitettavissa kohtuullisen hyvin l\u00e4hes kaikista Turun alueen kotisatamista, jopa perjantaisin ty\u00f6p\u00e4iv\u00e4n p\u00e4\u00e4ttyess\u00e4. TUL:n alaisen veneseuran j\u00e4sen voi vierailla omalla veneell\u00e4 saaritukikohdissamme maksamalla 18\u20ac:n vierailijamaksun\/venekunta\/vrk. Huomioithan, ett\u00e4 saarikohteen tilat ovat lukittuna, jos paikalla ei ole j\u00e4seni\u00e4. Ulkopuoliset (ei koske TUL:n alaisen veneseuran j\u00e4sent\u00e4) voivat vierailla tukikohdissa vain is\u00e4nt\u00e4n\u00e4\/em\u00e4nt\u00e4n\u00e4 [&hellip;]<\/p>\n","protected":false},"author":14,"featured_media":2937,"parent":0,"menu_order":0,"comment_status":"closed","ping_status":"closed","template":"page-wide","meta":{"footnotes":""},"class_list":["post-2475","page","type-page","status-publish","has-post-thumbnail","hentry"],"_links":{"self":[{"href":"https:\/\/meriseuraturku.fi\/index.php?rest_route=\/wp\/v2\/pages\/2475","targetHints":{"allow":["GET"]}}],"collection":[{"href":"https:\/\/meriseuraturku.fi\/index.php?rest_route=\/wp\/v2\/pages"}],"about":[{"href":"https:\/\/meriseuraturku.fi\/index.php?rest_route=\/wp\/v2\/types\/page"}],"author":[{"embeddable":true,"href":"https:\/\/meriseuraturku.fi\/index.php?rest_route=\/wp\/v2\/users\/14"}],"replies":[{"embeddable":true,"href":"https:\/\/meriseuraturku.fi\/index.php?rest_route=%2Fwp%2Fv2%2Fcomments&post=2475"}],"version-history":[{"count":25,"href":"https:\/\/meriseuraturku.fi\/index.php?rest_route=\/wp\/v2\/pages\/2475\/revisions"}],"predecessor-version":[{"id":3321,"href":"https:\/\/meriseuraturku.fi\/index.php?rest_route=\/wp\/v2\/pages\/2475\/revisions\/3321"}],"wp:featuredmedia":[{"embeddable":true,"href":"https:\/\/meriseuraturku.fi\/index.php?rest_route=\/wp\/v2\/media\/2937"}],"wp:attachment":[{"href":"https:\/\/meriseuraturku.fi\/index.php?rest_route=%2Fwp%2Fv2%2Fmedia&parent=2475"}],"curies":[{"name":"wp","href":"https:\/\/api.w.org\/{rel}","templated":true}]}}