{"id":2410,"date":"2024-03-17T11:34:21","date_gmt":"2024-03-17T11:34:21","guid":{"rendered":"https:\/\/test.meriseuraturku.fi\/?page_id=2410"},"modified":"2025-04-25T22:08:51","modified_gmt":"2025-04-25T19:08:51","slug":"testisivu","status":"publish","type":"page","link":"https:\/\/meriseuraturku.fi\/?page_id=2410","title":{"rendered":"Telakka"},"content":{"rendered":"\n<p class=\"has-text-align-left\">Telakalla on pukkinosturi, jonka nostokyky on 12,4 tonnia. Se on riitt\u00e4nyt t\u00e4h\u00e4n asti kaikkien j\u00e4senten veneiden nostoon ja laskuun. Kolmessa hallissa on t\u00e4ll\u00e4 hetkell\u00e4 telakoituna reilut kuusikymment\u00e4 ja ulkona kaksisataa venett\u00e4.<\/p>\n\n\n\n<p>Neloshallin yl\u00e4kerrassa on seuran toimistotilat ja sauna. Alakerrassa konehalli ja puuty\u00f6verstas. Molemmissa ty\u00f6tiloissa voi tehd\u00e4 hommia, mutta ty\u00f6kalut on oltava omasta takaa.<\/p>\n\n\n\n<p>Purjeveneit\u00e4 varten telakalla on kolme mastotelinett\u00e4, joista yksi, suuria mastoja varten oleva, on varustettu s\u00e4hk\u00f6nostimin.<\/p>\n\n\n\n<p>Portista talvitelakointiin tuotavasta veneest\u00e4 on teht\u00e4v\u00e4 ilmoitus telakkamestarille v\u00e4litt\u00f6m\u00e4sti, ilmoittamattomasta veneest\u00e4 menee KAKSINKERTAINEN telakointimaksu.<\/p>\n\n\n\n<p>Ota telakointia koskevissa asioissa yhteytt\u00e4 telakkamestariin.<\/p>\n\n\n\n<div style=\"height:61px\" aria-hidden=\"true\" class=\"wp-block-spacer\"><\/div>\n\n\n\n\n","protected":false},"excerpt":{"rendered":"<p>Telakalla on pukkinosturi, jonka nostokyky on 12,4 tonnia. Se on riitt\u00e4nyt t\u00e4h\u00e4n asti kaikkien j\u00e4senten veneiden nostoon ja laskuun. Kolmessa hallissa on t\u00e4ll\u00e4 hetkell\u00e4 telakoituna reilut kuusikymment\u00e4 ja ulkona kaksisataa venett\u00e4. Neloshallin yl\u00e4kerrassa on seuran toimistotilat ja sauna. Alakerrassa konehalli ja puuty\u00f6verstas. Molemmissa ty\u00f6tiloissa voi tehd\u00e4 hommia, mutta ty\u00f6kalut on oltava omasta takaa. Purjeveneit\u00e4 varten [&hellip;]<\/p>\n","protected":false},"author":14,"featured_media":3193,"parent":0,"menu_order":0,"comment_status":"closed","ping_status":"closed","template":"page-wide","meta":{"footnotes":""},"class_list":["post-2410","page","type-page","status-publish","has-post-thumbnail","hentry"],"_links":{"self":[{"href":"https:\/\/meriseuraturku.fi\/index.php?rest_route=\/wp\/v2\/pages\/2410","targetHints":{"allow":["GET"]}}],"collection":[{"href":"https:\/\/meriseuraturku.fi\/index.php?rest_route=\/wp\/v2\/pages"}],"about":[{"href":"https:\/\/meriseuraturku.fi\/index.php?rest_route=\/wp\/v2\/types\/page"}],"author":[{"embeddable":true,"href":"https:\/\/meriseuraturku.fi\/index.php?rest_route=\/wp\/v2\/users\/14"}],"replies":[{"embeddable":true,"href":"https:\/\/meriseuraturku.fi\/index.php?rest_route=%2Fwp%2Fv2%2Fcomments&post=2410"}],"version-history":[{"count":18,"href":"https:\/\/meriseuraturku.fi\/index.php?rest_route=\/wp\/v2\/pages\/2410\/revisions"}],"predecessor-version":[{"id":3523,"href":"https:\/\/meriseuraturku.fi\/index.php?rest_route=\/wp\/v2\/pages\/2410\/revisions\/3523"}],"wp:featuredmedia":[{"embeddable":true,"href":"https:\/\/meriseuraturku.fi\/index.php?rest_route=\/wp\/v2\/media\/3193"}],"wp:attachment":[{"href":"https:\/\/meriseuraturku.fi\/index.php?rest_route=%2Fwp%2Fv2%2Fmedia&parent=2410"}],"curies":[{"name":"wp","href":"https:\/\/api.w.org\/{rel}","templated":true}]}}